 x. Give h(p).
7
Let f(x) = 0 + 3 + 7*x + 7*x**2 - 6*x**2. Determine f(-6).
-3
Let o = -41 + 43. Let z(l) = 2*l + 5. Let f be z(-5). Let n = f + o. Let t(g) = g**3 + 3*g**2 - g + 4. Determine t(n).
7
Let s(l) = 3*l**3. Let z be -1*-2*4/8. Determine s(z).
3
Let q(n) = n**3 + 4*n**2 + n - 4. Let v be (-16)/(-10) + 2/5. Suppose 2*i = -i + 4*g - 20, -3*i = -v*g + 16. Calculate q(i).
-8
Let c(h) = -h**2 - h - 1. Let r(z) = z**2 + 6*z. Let a(u) = -2*c(u) - r(u). Let v = 44 - 29. Let g be 7/3 + (-5)/v. Give a(g).
-2
Let m be 1/2 + (-8 - (-60)/8). Let a(k) = -k**2 - k + 1. Calculate a(m).
1
Let o(y) = y**3 + 5*y**2 + y + 1. Let v be (-1 - 0)/((-4)/(-32)) - -3. Calculate o(v).
-4
Suppose 7 = 3*z - 2. Suppose z*i + 4 = 4*i. Let q(w) be the third derivative of -w**4/12 + 2*w**3/3 + w**2. Calculate q(i).
-4
Let b(h) = -h**2 - 5*h - 4. Suppose 9 = -2*j + 3. Determine b(j).
2
Let y(r) be the second derivative of -r**5/20 + 5*r**4/12 - 5*r**3/6 + r**2/2 + 10*r. Give y(4).
-3
Let v(d) be the second derivative of 5*d**3/6 - 3*d**2/2 - d. Suppose -3*f + 7 = -7*f + 3*k, 5*f = -4*k + 30. Give v(f).
7
Suppose -b = -2*b - 3. Let c(f) be the first derivative of -f**3/3 - f**2 - 7. Let o be c(b). Let h(r) = -r**3 - 5*r**2 - 5*r - 2. Give h(o).
-5
Let b(j) = 5*j**3 - 1. Suppose -2*n = n + r - 5, n - 7 = -3*r. Suppose -3*k = -2*k - n. What is b(k)?
4
Let a(x) = x - 3. Let l(z) = -z + 3. Let n(o) = -4*a(o) - 3*l(o). Suppose -5*w - 4*d = 10, -w + 2*d + 18 - 6 = 0. What is n(w)?
1
Let i(x) = x**2 - 2*x - 4. Let p be (-22)/8 + 1/(-4). Let d(u) = -u**3 - 2*u**2 + 3*u + 3. Let b be d(p). Determine i(b).
-1
Let r(g) = 163 - g**3 + 2*g**3 - 161 - 5*g**2 - g**2 + 3*g. Give r(5).
-8
Let a(h) = 1 + 2*h - 5*h + 8*h**2 + 0*h + h. Suppose -3*x + 6 = -9. Suppose -5*v + x*f - 10 - 10 = 0, -2*f = -4*v - 6. What is a(v)?
7
Let i(t) = -t**2 - 4*t**2 + 4*t**2 - 10*t + 1. Let x be i(-10). Let a be x + 2 - -1 - -1. Let z(r) = 3*r - 7. Give z(a).
8
Let f(t) = 0*t**2 + 2 - 2*t**3 - t + 2*t**2 + 1 + t**3. Determine f(3).
-9
Let k(n) = n - 17. Let x be k(13). Let i(z) be the third derivative of -z**5/60 - z**4/8 - z**3/3 - 3*z**2. What is i(x)?
-6
Suppose 0 = 11*f - 17*f + 12. Let d(i) be the second derivative of -1/2*i**f + i + 0 + 0*i**3 - 3/20*i**5 + 1/6*i**4. Give d(1).
-2
Let c(p) be the second derivative of p**3/2 - p**2 + p. Give c(2).
4
Suppose 3*y - 4*z = 18, 1 + 9 = 2*y - 2*z. Suppose -4*d = -0*d - 4*h - 24, -h = 2*d + 3. Let w(a) = 2*a**3 - a**3 + a + d - 3*a. Give w(y).
5
Let y(g) be the first derivative of 0*g**2 - 1/3*g**3 + 1/360*g**6 + 0*g - 1 + 1/40*g**5 - 1/8*g**4. Let c(a) be the third derivative of y(a). Give c(-4).
1
Let f(y) be the first derivative of -y**2 + 8*y - 2. What is f(6)?
-4
Suppose y = -4*u + 5*y + 8, -2*y + 2 = 0. Let r(b) = 11*b - 13*b - u*b**3 + 4*b**3 + 3. Determine r(2).
7
Suppose -5 = j - 0*j. Let d(t) = t - 1. Let z be d(1). Let u(y) = 4*y**2 - 5*y + 0*y + z*y + y**3 - 5. Give u(j).
-5
Let s(m) = -3*m**2 + 2*m - 3. Let d(b) = -b**2 + b + 1. Let n(v) = 8*v**2 - 3*v + 18. Let x(h) = 5*d(h) - n(h). Let p(u) = -9*s(u) + 2*x(u). Calculate p(2).
1
Let f = -5 - -11. Let m(w) = -w**3 + 6*w**2 + w - 6. Let t be m(f). Let u(l) = -l**2 + 4. Determine u(t).
4
Let w(x) be the third derivative of -4/3*x**3 - 1/8*x**4 - 7*x**2 + 0 + 0*x. Give w(-6).
10
Let o(j) be the third derivative of -j**6/720 + j**5/120 + j**4/8 - 3*j**2. Let i(g) be the second derivative of o(g). Calculate i(4).
-3
Let w(z) be the second derivative of 0 + 2*z + 1/2*z**3 - 1/2*z**2. Let v(y) = -y**2 - 4*y + 2. Let f be v(-4). What is w(f)?
5
Let d(o) = o**3 - 5*o**2 - 11*o - 16*o**2 + 11*o**2. Calculate d(11).
0
Let p(r) = r**2 + 6*r. Let x = 13 + -18. What is p(x)?
-5
Let a be 4/20*(15 - 0). Let x(h) be the first derivative of -1/4*h**4 + h**2 - 3*h - 1 + 2/3*h**a. What is x(2)?
1
Let f = -7 - -16. Let r = f - 13. Let y(v) = v**3 + 5*v**2 + 2*v - 3. Calculate y(r).
5
Let t(g) = -g**2 + 7*g - 1. Let l(n) = -1. Let x(m) = -3*l(m) - t(m). Give x(5).
-6
Let c(k) = -k**2 + 3*k - 4. Let t(b) = -b**3 + 3*b**2 + b + 1. Let i be t(3). What is c(i)?
-8
Let k(c) = -5*c**2 + 4*c. Let y(z) = z**2 - z. Let b(v) = -5*k(v) - 20*y(v). Determine b(2).
20
Let m be ((-1)/(-2))/(2/20). Let h = -1 + m. Let t(a) = -h*a**2 + a**2 + 0*a + 1 + a. What is t(-1)?
-3
Let l(n) = 6*n - 4*n - n - 1. Let a be ((-10)/6)/(1/3). Determine l(a).
-6
Let r(p) = 4*p + 2. Let c be (-24)/11 - ((-204)/33 - -6). Calculate r(c).
-6
Let r(j) be the first derivative of j**2/2 - 4*j + 2. Let v = -7 - -7. Suppose v*g = -g. Give r(g).
-4
Let l(f) = -f**2 + 5*f - 1. Let r(u) = -u. Let x be r(-2). Suppose 2*m - 6 = 5*v, x*m - 9 = -m + 3*v. Give l(m).
5
Let z(o) be the first derivative of -o**3/3 - o**2 + 1. Give z(-2).
0
Let k = -8 + 4. Let q(w) be the first derivative of -2*w**2 - 4*w + 5. Give q(k).
12
Let y(t) be the second derivative of -t**5/20 + t**4/12 + t**3/2 - t**2 + 7*t. Give y(2).
0
Let t(z) = -z + 5. Let y(k) = k - 6. Let u(g) = -7*t(g) - 6*y(g). Let f(w) = w**2 + 12*w + 5. Let s be f(-11). Let o be -1*3/s*-4. Determine u(o).
-1
Let o be 10*(-1 - 3/(-2)). Let x(h) = 3 - 7*h + 2*h**2 + 1 + 0*h**2 - o. Give x(5).
14
Suppose y - 2*f - 6 = 0, 0 = 2*y - 7*y - 5*f - 15. Let k(p) = -5*p**3 + 4*p + 1. Let l(w) = -9*w**3 + 7*w + 3. Let a(c) = -7*k(c) + 4*l(c). Calculate a(y).
5
Let r(u) = 3*u - 2 - u**2 + 5*u**2 - 2*u**2. Suppose 0 = -7*d + d + 12. What is r(d)?
12
Suppose -8 = 4*i - 6*i. Let y(v) = -6 + 4*v**2 - v**3 - 3*v**2 - v**2 + 7*v + 2*v**2. What is y(i)?
-10
Let y = -127 - -763/6. Let w(f) be the third derivative of 0*f + 7/24*f**4 + 0 + 4*f**2 - y*f**3. Determine w(1).
6
Let o(c) = 1 - 3*c**2 - 3*c**2 - c - 4 + 7*c**2. Give o(-3).
9
Let n(b) = -b**3 + b**2 - b + 1. Let q(h) = -17*h**3 + h**2 + 1. Let l(c) = 2*n(c) - q(c). Determine l(1).
15
Let c(j) = -7*j**2 - 9*j - 7. Let i(y) = 3*y**2 + 4*y + 3. Let q(m) = -4*c(m) - 9*i(m). Give q(-3).
10
Let q(s) be the second derivative of s**5/20 - s**4/12 - 2*s**3/3 + 26*s. Determine q(3).
6
Let m(y) = y**2 + 7*y + 3. Suppose n = -2 + 5. Suppose -3*r = -4*r + 2. Suppose r = -n*w + 5, -5*o + 4*w = 29. Give m(o).
-7
Let y(c) = -2*c + 3. Let x be y(-1). Let w(i) = -i**3 + 0 + 0*i**3 - i + 3 + 5*i**2. What is w(x)?
-2
Let h(i) = i - 2. Let l be h(4). Let t(z) = 6 - 4 - 3*z**2 - 3 + 9*z**l. Calculate t(-1).
5
Let y be 4 - (5 + -2 + 1). Let a(o) = -o - 4. Calculate a(y).
-4
Let l(t) be the first derivative of -2*t**2 + t - 2. Suppose 4 = 2*d + 2*d. Calculate l(d).
-3
Let t(v) be the second derivative of v**3/6 + v**2 + 2*v. Give t(-2).
0
Let h(t) = -2*t**2 + 6*t - 3. Let a(o) = -3*o**2 + 7*o - 3. Let u(g) = -3*a(g) + 4*h(g). Determine u(-5).
7
Let c(m) be the third derivative of m**4/24 + 4*m**3/3 + 20*m**2. Let l = 5 - 11. Determine c(l).
2
Let p(n) = 2*n - 5. Let g(d) = -1. Let i(j) = 4*g(j) - p(j). Let k be i(-2). Let s(w) = w**3 - 6*w**2 + 5*w + 3. Give s(k).
3
Let n(m) = m**3 - 3*m**2 - 2*m - 2. Suppose -19 = -5*y - 79. Let k be ((-4)/y)/(2/24). Let d = k + 0. Give n(d).
6
Let a(o) be the first derivative of -o**2/2 + 1. Let d be a(5). Let s(f) = -f**2 - 11*f + 6*f + 6 + 0*f**2. Give s(d).
6
Let l(z) = 3*z**3 - 2*z**2 - 1. Let x(c) = 20*c**2 - c - 1. Let y be x(-1). Let s = 22 - y. Calculate l(s).
15
Suppose 2*h = 2*t + 2*t + 2, 0 = 2*t + 2*h + 4. Let f(m) = -10*m**3 - 2*m**2 - 2*m - 3. Let u(o) = o**3 + o**2 + 1. Let g(a) = f(a) + 2*u(a). Determine g(t).
9
Suppose -5*r + 17 = 4*i, 3*r = 2*i - 3 - 0. Suppose i = -3*h + 18, h = -2*p - 5. Let m(q) = -2 + 2*q - 3*q**2 + 2*q**2 - 7*q - 2. Calculate m(p).
-4
Let t = -2 + 5. Let b(h) = 3*h**3 - 3*h**t - 8 - h**3. Determine b(0).
-8
Let x(d) be the second derivative of 1/20*d**5 + 1/2*d**4 + 0 + 2/3*d**3 - 7*d + d**2. Determine x(-5).
7
Let m(g) = -g - 7. Let s be m(-9). Let b(f) = -1 - 2*f**2 + 0*f - s*f + f**2 + 4. Let t be (-3)/((-2)/((-4)/2)). Give b(t).
0
Suppose 0 = -3*q - n + 9, -4*q = n - 5*n - 12. Suppose -2*o + 3*o = q. Let k(r) = -3*r**3 + o*r**2 + 5 + 3*r + 4*r**3 - 7*r. What is k(-4)?
5
Let x(p) = -p**2 - 4*p - 1. Let w be x(-4). Let j = w - -5. Let m(y) = j*y - 2*y**3 - 3*y**2 + 4*y**2 + y**3. What is m(3)?
-6
Let v(r) = -7*r**3 - 7*r**2 + 11*r + 11. Let u(s) = -3*s**3 - 3*s**2 + 5*s + 5. Let x(f) = -9*u(f) + 4*v(f). Determine x(0).
